34
(-27 + 8 - -15 - -6) + -6 + 4
0
-1 - (-11 + -24 + 23)
11
What is the value of (-6 - (5 + (-1 - 4))) + 2?
-4
What is the value of -4 - (-9 - (13 + -20))?
-2
What is -2 + (1 - 0) + 2 - (-940 - -945)?
-4
Calculate -5 - -3 - ((2 - -2) + -6) - 0.
0
27 + -8 + -19 + 11 + -1
10
Evaluate -3 - (4 + -11 + -21).
25
Calculate -9 + 1 - (11 + -26 + 7 + 15).
-15
Evaluate -3 + -13 - (-10 + -1 + 5) - 28.
-38
What is the value of -16 + -9 + 36 - 19?
-8
Evaluate (-607 - -592) + (1 - -43).
29
What is 26 + -17 + -3 + 10 + -6?
10
-18 - (-4 + -29 - 6)
21
What is the value of 8 + (-29 - (19 + -15)) + (-1 - -2)?
-24
Evaluate -7 - (18 + (-6 - 8)).
-11
((-3 - -3) + -2 - (-7 + 6)) + 0
-1
What is the value of 42 + -26 - 11 - (0 - (-2 - -1))?
4
Calculate -5 - ((-1 - 11 - (87 + -93)) + 10).
-9
What is the value of 2 - (0 - -8 - -13 - 7)?
-12
Evaluate -89 + 93 - (5 + -4 + -21).
24
3 + -11 + 2 + 6 + -2 + -9
-11
7 - (-9 + 26 + -10)
0
Calculate -14 + 28 + -10 + -8.
-4
Calculate 1 + 0 + -10 + (-609 - -619) - 3.
-2
(0 - (9 + -11 - 7)) + (2 - 5)
6
What is the value of 0 - (0 - (5 - (-12 - -5)))?
12
What is 1 + -4 + -12 + 12 + (-2 - -10)?
5
Calculate -23 - (16 - 7) - -59.
27
Evaluate (10 - (3 + 4 + -2)) + -8.
-3
Calculate -54 + (5 - -20) + 2 + -10.
-37
What is 1 - ((19 - 8) + -12)?
2
Evaluate 25 - (9 - -21) - (-2 - -5).
-8
What is the value of (-29 - -22) + -15 - -3?
-19
What is the value of -13 - (15 + 7 - 52)?
17
Calculate -15 + 6 + -1 + 11.
1
Evaluate 3 + 1 + (0 - -3) + 35 + -56.
-14
Evaluate -5 + 3 + -3 + 0 + (-1 - -2).
-4
What is the value of 1 - (-4 - -2 - (21 + -11 + -39))?
-26
Calculate -20 - -12 - -22 - 18.
-4
What is (-3 - (0 + 6) - (25 + -34)) + -20?
-20
Evaluate -15 - (-2 - (-16 - -24)).
-5
Evaluate (8 - 0 - 13) + -11 + 8 + 4.
-4
-7 - (13 + -20) - -5
5
What is 29 - -5 - 20 - 20?
-6
Evaluate -8 + (25 - (-4 + 9)).
12
-16 + 10 + 2 - (-1 - -5)
-8
Calculate 16 + (-14 - (-22 - -11)).
13
Evaluate 3 + (8 + -16 - -7 - -2).
4
What is -4 - (-21 - (37 - 22))?
32
-5 + (11 - 9) + 17
14
-7 + (13 - (-12 + 1 + 6))
11
(-1328 - -1334) + -1 + (-3 - 1) + -1
0
What is (14 + -49 - 23) + 30?
-28
-14 - (-4 + (-1 - -4) - -3)
-16
Calculate 2 + (19 - 8 - 8 - 19).
-14
What is the value of 17 + 2 - (-31 - -41) - (10 - 0)?
-1
What is the value of -38 + (22 - 18) + 25?
-9
What is the value of 35 - (16 - (-1 + 19 + -3))?
34
What is 24 + -8 + -4 - 8 - 1?
3
What is the value of (9 + -16 - 24) + 61?
30
What is the value of (-2519 - -2516) + (-2 - 0 - (2 - -3))?
-10
-4 + 0 + -4 + 3 + -1
-6
Evaluate (2 + -11 - -15) + 2 + 1.
9
What is the value of -54 + 2 + (-3 - 13 - -35)?
-33
What is -7 + 0 + (-3 - 6)?
-16
What is 3 - (-5 + 2 + 4 - (-10 - -12))?
4
What is 10 - (-11 - -20) - (4 + 1)?
-4
Evaluate -9 + 3 + -9 + -1 + 16.
0
Calculate (-2 - 1 - -11) + -159 + 139.
-12
Calculate 18 + 17 + -18 - -9.
26
Calculate (-7 - (-6 - -1 - -13)) + 5 + -2.
-12
What is the value of 7 - (-2 + (0 - 0) - (134 - 138))?
5
Calculate -23 - -37 - (-12 + 19).
7
Evaluate 48 - ((29 - -11) + 4).
4
(1040 - 1051) + (-1 - -10)
-2
Calculate 1 + 0 + (5 - (-10 + 15)).
1
Calculate 5 + -5 - (8 + -9 + (19 - 6)).
-12
Evaluate 29 + -29 - -26 - 0.
26
Calculate -9 - (-24 - (13 - 26)).
2
Calculate 35 + -4 + 6 + -11 + 0 + -6.
20
Evaluate 3 - (-2647 + 2641 + (-1 + 1 - -23)).
-14
What is the value of 4 + -21 - (-10 - -4 - -3)?
-14
Evaluate -2 + 1 - (15 - (3 - -15)).
2
Evaluate -29 + 13 + -7 + (26 - 12).
-9
What is the value of 12 + (-1 - 8) + 13?
16
-7 + -4 + -11 + -14 + 23
-13
What is 22 + -7 + 1 - (-111 + 141)?
-14
Calculate 404 - 408 - (3 + -6 + 17).
-18
Evaluate 11 + -3 + -5 + 1 + (-2 - -4).
6
What is the value of (-494 - -551) + -29 + -2?
26
Calculate -15 + 3 + 12 + 13 + (-7 - -3).
9
Evaluate -14 + (8 + (0 - -5) - 8) + -4.
-13
10 + -26 + 68 - 26
26
What is (9 - 3) + 22 - 8 - (0 - -5)?
15
Calculate -31 - -39 - (1 + 5 + -16 + 4).
14
What is -11 + 5 + -8 + -15 - (3 + -2)?
-30
(13 - (1 + 10)) + 4
6
(-14 - (8 + -6)) + 20
4
What is -15 - 9 - -25 - (14 + 2)?
-15
Calculate -309 - -373 - (40 + -2).
26
Calculate (-161 - -183) + (8 - 63).
-33
Calculate 496 - 493 - (26 - 2).
-21
Calculate 0 - (-11 - -17 - (2 - (-5 - -2))).
-1
Evaluate -5 - -22 - 15 - -7.
9
What is (110 - 97) + (-1 - 14)?
-2
-3 - (2 + -10 - -9)
-4
Calculate 7 + -14 + 7 + -2 + 0 + 17.
15
Calculate (-1 - 0) + 38 - (-40 - -32 - -18).
27
What is the value of -22 + 37 - 15 - 13?
-13
What is -17 - (9 + -7 + (22 - 13))?
-28
What is the value of 7 + -4 + (-9 + 26 - (11 + -1))?
10
What is the value of 0 + -10 - (7 + (2 - 1) + -3)?
-15
What is -2 + (-9 - -2) + 19 + 67 + -57?
20
What is the value of (0 - 7) + (-96 - -99)?
-4
Evaluate -4 + 6 + -3 + (-1 - (26 - 15)).
-13
(8 - 19) + -36 + 35
-12
Evaluate (-3 + (2 - (4 - 7)) - 1) + -4.
-3
What is the value of -4 + (4 + (-1 - 16) - -29)?
12
(6 - 3) + (-1 - -3) - (-22 - -18)
9
Evaluate -32 + (8 - (10 + -7 + -1 + -1)).
-25
What is the value of (1127 - 1153) + (0 + -7 - 1)?
-34
What is -20 + 27 + -7 - (-7 + (6 - 3))?
4
What is the value of -10 + (-9 - (-3 + -4) - 1) + -8?
-21
10 + -2 + 0 - 16 - 0
-8
What is the value of 10 + 15 + -19 - -10?
16
(-66 + 62 - (-6 - -2)) + -2 + 37
35
What is (16 - 18) + -6 + 2?
-6
What is the value of 17 - (9 - -4) - -4?
8
What is the value of 13 + -34 + 11 + 4 + 2 + 4?
0
Evaluate 12 + (-46 - -9 - -27 - (-1 + -1)).
4
Calculate (-16 - -71) + -31 - 43.
-19
Calculate 13 + -12 + 35 + -19.
17
What is the value of (-33 + 35 - (3 + 0)) + -2?
-3
-17 + 62 + 4 + -27
22
Evaluate (1 + 0 + 0 - -7) + 1629 + -1635.
2
Evaluate 77 - 74 - (-36 + 17).
22
(16 - 22) + (0 - -10) - (-3 - 3)
10
What is the value of -9 + 2 - -2 - (-2 - 0) - -5?
2
Evaluate 4 + (-14 - 16) + 18.
-8
What is the value of (-1 + 4 + -2 - -4) + -9?
-4
Evaluate (16 - -1 - (112 - 106)) + -4.
7
Evaluate -5 - (5 - (-11 + 9)).
-12
Evaluate (4 - 0) + -2 + (12 - 19) + 19.
14
Calculate 4 + -4 + 4 + (2 - 1).
5
What is the value of -4 + -6 + (10 - 11) + 1?
-10
Evaluate (14 - 33) + 18 + 4.
3
What is 14 + (-27 - -2) + 0?
-11
What is the value of -14 - (18 - 8 - 23)?
-1
Evaluate 45 + -67 + 33 - (1 + -8).
18
Calculate (17 - (0 + 3 + -2)) + -26 + 20.
10
What is the value of 11 - 7 - 16 - -17?
5
(-11 + (18 - 6) - 11) + -1 + 6
-5
-3 - (-12 - (4 + -3 + -2))
8
Calculate 6 + (-1 - 3) + (-22 - (-9 + -1)).
-10
What is the value of (-2 - 17) + (59 - 48)?
-8
Calculate 5 + 1 + (7 - 3) + 3 + 13.
26
4 + (-3 - ((-8 - (24 - 3)) + 8))
22
Evaluate 7 + -15 + 8 - (13 - 6).
-7
What is the value of 1 + 5 + -18 - -9?
-3
What is the value of (0 - 14) + 5 + -22 + (-8 - -10)?
-29
Calculate (4 - 2) + -3 + 17 + -13.
3
Evaluate 0 + (31 - 8 - 39).
-16
What is the value of 34 + (11 + -17 - 36)?
-8
What is the value of 16 + -3 + 30 - (26 + -8)?
25
Evaluate 14 + -5 + 2 + -6 - (-4 + -4).
13
Evaluate (91 - 22 - 37) + -65.
-33
(76 - 79) + (-6 - 6)
-15
What is -2 + 9 + -8 + 0 - (-6 - 2)?
7
Evaluate 6 - (0 - ((-3 - (1 - 8)) + -3)).
7
What is the value of (-66 - -74) + (-9 + 1 - (7 + -3))?
-4
What is (-2 + -3 + 5 - -2) + -9?
-7
Evaluate -15 - (-17 - -15 - 5).
-8
What is the value of (-6 - (11 + -12)) + -2?
-7
What is the value of -14 - -8 - (-1 + 4 + -6 - -1)?
-4
Evaluate -3 - 2 - (48 + -61).
8
What is the value of 16 - (-5 + (0 - 2) - -13)?
10
What is the value of 5 + 1 + 21 + (-5 + 3 - 4)?
21
Calculate (31 + -76 - -33) + 30.
18
What is the value of 24 + (-7 - -6 - 6)?
17
What is the value of 0 + (-2 - -5) - (-5 - (3 - 8))?
3
What is (3 - 4 - 6) + 10?
3
What is the value of -7 + (-13 - (-4 - 4)) - -38?
26
What is the value of (5 - 6 - -4) + 5 + 3?
11
48 + -33 - (4 - -5)
6
What is 38 + -6 + (-34 - -18)?
16
Calculate (6 - 3) + -10 - (5 + -2).
-10
What is the value of -6 + (-13 - (13 + -11))?
-21
1 + -22 - (40 - 62)
1
Calculate 12 - 22 - -12 - (5 + -6 + 28).
-25
-1 + -2 + 9 - 17 - -3
-8
Evaluate (0 - 0) + -5 + -44 + 46 + 15.
12
What is the value of 1 + 0 - 0 - (51 - (15 - -35))?
0
What is (4 + -27 - -9) + (2 - 3 - 5)?
-20
What is 32 - -2 - (230 + -190)?
-6
What is the value of -11 - (11 - 10 - 2)?
-10
What is the value of -8 + (-36 - -23 - (2 + -10))?
-13
What is the value of -169 + 170 - (0 + -1 + 7) - -13?
8
What is the value of -5 + (4 - (1 + (-10 - -23)))?
-15
-16 - ((1 - -15) + -185 + 180)
-27
What is the value of 202 + -215 + 5 + 2?
-6
What is 27 + -14 + -25 - -42?
30
Calculate -14 - (-33 + (42 - 21)).
-2
(-3 + (-1 - 0) - (361